{"id":850,"date":"2022-03-17T10:04:43","date_gmt":"2022-03-17T10:04:43","guid":{"rendered":"https:\/\/wgl-demo.net\/bili\/?page_id=850"},"modified":"2026-01-16T10:06:05","modified_gmt":"2026-01-16T09:06:05","slug":"contatti","status":"publish","type":"page","link":"https:\/\/www.fieracreattiva.it\/napoli-creattiva\/contatti\/","title":{"rendered":"Contatti"},"content":{"rendered":"\t\t<div data-elementor-type=\"wp-page\" data-elementor-id=\"850\" class=\"elementor elementor-850\">\n\t\t\t\t\t\t\t\t\t<section class=\"elementor-section elementor-top-section elementor-element elementor-element-7bcd785 elementor-section-full_width elementor-section-content-middle elementor-reverse-tablet elementor-reverse-mobile elementor-section-height-default elementor-section-height-default\" data-id=\"7bcd785\" data-element_type=\"section\">\n\t\t\t\t\t\t<div class=\"elementor-container elementor-column-gap-no\">\n\t\t\t\t\t<div class=\"elementor-column elementor-col-100 elementor-top-column elementor-element elementor-element-0c9c041\" data-id=\"0c9c041\" data-element_type=\"column\">\n\t\t\t<div class=\"elementor-widget-wrap\">\n\t\t\t\t\t\t\t\t\t<\/div>\n\t\t<\/div>\n\t\t\t\t\t\t\t<\/div>\n\t\t<\/section>\n\t\t\t\t<section class=\"elementor-section elementor-top-section elementor-element elementor-element-0036cd3 elementor-section-boxed elementor-section-height-default elementor-section-height-default\" data-id=\"0036cd3\" data-element_type=\"section\">\n\t\t\t\t\t\t<div class=\"elementor-container elementor-column-gap-default\">\n\t\t\t\t\t<div class=\"elementor-column elementor-col-50 elementor-top-column elementor-element elementor-element-8e7f38f\" data-id=\"8e7f38f\" data-element_type=\"column\">\n\t\t\t<div class=\"elementor-widget-wrap elementor-element-populated\">\n\t\t\t\t\t\t\t\t<section class=\"elementor-section elementor-inner-section elementor-element elementor-element-7b279da elementor-section-boxed elementor-section-height-default elementor-section-height-default\" data-id=\"7b279da\" data-element_type=\"section\">\n\t\t\t\t\t\t<div class=\"elementor-container elementor-column-gap-default\">\n\t\t\t\t\t<div class=\"elementor-column elementor-col-100 elementor-inner-column elementor-element elementor-element-79e50ee\" data-id=\"79e50ee\" data-element_type=\"column\">\n\t\t\t<div class=\"elementor-widget-wrap\">\n\t\t\t\t\t\t\t\t\t<\/div>\n\t\t<\/div>\n\t\t\t\t\t\t\t<\/div>\n\t\t<\/section>\n\t\t\t\t<div class=\"elementor-element elementor-element-cd4977e elementor-widget elementor-widget-image\" data-id=\"cd4977e\" data-element_type=\"widget\" data-widget_type=\"image.default\">\n\t\t\t\t<div class=\"elementor-widget-container\">\n\t\t\t\t\t\t\t\t\t\t\t\t\t\t\t<img loading=\"lazy\" decoding=\"async\" width=\"1045\" height=\"700\" src=\"https:\/\/www.fieracreattiva.it\/napoli-creattiva\/wp-content\/uploads\/2022\/08\/mostrab.jpg\" class=\"attachment-full size-full\" alt=\"\" srcset=\"https:\/\/www.fieracreattiva.it\/napoli-creattiva\/wp-content\/uploads\/2022\/08\/mostrab.jpg 1045w, https:\/\/www.fieracreattiva.it\/napoli-creattiva\/wp-content\/uploads\/2022\/08\/mostrab-300x201.jpg 300w, https:\/\/www.fieracreattiva.it\/napoli-creattiva\/wp-content\/uploads\/2022\/08\/mostrab-1024x686.jpg 1024w, https:\/\/www.fieracreattiva.it\/napoli-creattiva\/wp-content\/uploads\/2022\/08\/mostrab-768x514.jpg 768w\" sizes=\"auto, (max-width: 1045px) 100vw, 1045px\" \/>\t\t\t\t\t\t\t\t\t\t\t\t\t\t\t<\/div>\n\t\t\t\t<\/div>\n\t\t\t\t<div class=\"elementor-element elementor-element-bd987c1 elementor-hidden-desktop elementor-widget elementor-widget-spacer\" data-id=\"bd987c1\" data-element_type=\"widget\" data-widget_type=\"spacer.default\">\n\t\t\t\t<div class=\"elementor-widget-container\">\n\t\t\t\t\t<div class=\"elementor-spacer\">\n\t\t\t<div class=\"elementor-spacer-inner\"><\/div>\n\t\t<\/div>\n\t\t\t\t<\/div>\n\t\t\t\t<\/div>\n\t\t\t\t\t<\/div>\n\t\t<\/div>\n\t\t\t\t<div class=\"elementor-column elementor-col-50 elementor-top-column elementor-element elementor-element-ba1a346\" data-id=\"ba1a346\" data-element_type=\"column\">\n\t\t\t<div class=\"elementor-widget-wrap elementor-element-populated\">\n\t\t\t\t\t\t\t\t<div class=\"elementor-element elementor-element-dd5e9d2 aleft elementor-widget elementor-widget-wgl-double-heading\" data-id=\"dd5e9d2\" data-element_type=\"widget\" data-widget_type=\"wgl-double-heading.default\">\n\t\t\t\t<div class=\"elementor-widget-container\">\n\t\t\t<div class=\"wgl-double-heading\"><h3 class=\"dblh__title-wrapper\"><span class=\"dblh__title dblh__title-1\">ORGANIZZATORE<\/span><\/h3><\/div>\t\t<\/div>\n\t\t\t\t<\/div>\n\t\t\t\t<div class=\"elementor-element elementor-element-3db7f32 elementor-widget elementor-widget-text-editor\" data-id=\"3db7f32\" data-element_type=\"widget\" data-widget_type=\"text-editor.default\">\n\t\t\t\t<div class=\"elementor-widget-container\">\n\t\t\t\t\t\t\t<p>Promoberg srl \u00e8 la societ\u00e0 che gestisce il Polo fieristico di Bergamo, \u00e8 l\u2019ideatore e organizzatore di tutte le edizioni di Fiera Creattiva, ma non solo.<\/p>\t\t\t\t\t\t<\/div>\n\t\t\t\t<\/div>\n\t\t\t\t<div class=\"elementor-element elementor-element-d6e8233 aleft has-animated-bg elementor-invisible elementor-widget elementor-widget-wgl-button\" data-id=\"d6e8233\" data-element_type=\"widget\" data-settings=\"{&quot;_animation&quot;:&quot;fadeInUp&quot;}\" data-widget_type=\"wgl-button.default\">\n\t\t\t\t<div class=\"elementor-widget-container\">\n\t\t\t<a  class=\"wgl-button btn-size-xl \" role=\"button\" href=\"https:\/\/www.bergamofiera.it\" target=\"_blank\"><div class=\"button__content \"><span class=\"button__text\">Scopri di pi\u00f9 sull\u2019azienda<\/span><\/div><\/a>\t\t<\/div>\n\t\t\t\t<\/div>\n\t\t\t\t<div class=\"elementor-element elementor-element-720d5cb elementor-widget elementor-widget-text-editor\" data-id=\"720d5cb\" data-element_type=\"widget\" data-widget_type=\"text-editor.default\">\n\t\t\t\t<div class=\"elementor-widget-container\">\n\t\t\t\t\t\t\t<ul class=\"no-list-style\">\n \t<li style=\"line-height: 2.4; margin-bottom: 7px;\">Via Lunga snc c\/o Fiera di Bergamo\u2028 &#8211; 24125 Bergamo \u2013 Italia<\/li>\n \t<li>C.F. e P.IVA 01542150162\u2028<\/li>\n \t<li>035 3230911 &#8211; info@promoberg.it<\/li>\n<\/ul>\t\t\t\t\t\t<\/div>\n\t\t\t\t<\/div>\n\t\t\t\t<div class=\"elementor-element elementor-element-407b970 elementor-widget elementor-widget-spacer\" data-id=\"407b970\" data-element_type=\"widget\" data-widget_type=\"spacer.default\">\n\t\t\t\t<div class=\"elementor-widget-container\">\n\t\t\t\t\t<div class=\"elementor-spacer\">\n\t\t\t<div class=\"elementor-spacer-inner\"><\/div>\n\t\t<\/div>\n\t\t\t\t<\/div>\n\t\t\t\t<\/div>\n\t\t\t\t\t<\/div>\n\t\t<\/div>\n\t\t\t\t\t\t\t<\/div>\n\t\t<\/section>\n\t\t\t\t<section class=\"elementor-section elementor-top-section elementor-element elementor-element-12fd871 elementor-section-boxed elementor-section-height-default elementor-section-height-default\" data-id=\"12fd871\" data-element_type=\"section\">\n\t\t\t\t\t\t<div class=\"elementor-container elementor-column-gap-default\">\n\t\t\t\t\t<div class=\"elementor-column elementor-col-50 elementor-top-column elementor-element elementor-element-846acab\" data-id=\"846acab\" data-element_type=\"column\">\n\t\t\t<div class=\"elementor-widget-wrap elementor-element-populated\">\n\t\t\t\t\t\t\t\t<section class=\"elementor-section elementor-inner-section elementor-element elementor-element-039ae1f elementor-section-boxed elementor-section-height-default elementor-section-height-default\" data-id=\"039ae1f\" data-element_type=\"section\">\n\t\t\t\t\t\t<div class=\"elementor-container elementor-column-gap-default\">\n\t\t\t\t\t<div class=\"elementor-column elementor-col-100 elementor-inner-column elementor-element elementor-element-1ec9d57\" data-id=\"1ec9d57\" data-element_type=\"column\" data-settings=\"{&quot;background_background&quot;:&quot;classic&quot;}\">\n\t\t\t<div class=\"elementor-widget-wrap elementor-element-populated\">\n\t\t\t\t\t\t\t\t<div class=\"elementor-element elementor-element-154b167 aleft elementor-widget elementor-widget-wgl-double-heading\" data-id=\"154b167\" data-element_type=\"widget\" data-widget_type=\"wgl-double-heading.default\">\n\t\t\t\t<div class=\"elementor-widget-container\">\n\t\t\t<div class=\"wgl-double-heading\"><h3 class=\"dblh__title-wrapper\"><span class=\"dblh__title dblh__title-1\">Contattaci<\/span><\/h3><\/div>\t\t<\/div>\n\t\t\t\t<\/div>\n\t\t\t\t<div class=\"elementor-element elementor-element-42ce7fc elementor-widget elementor-widget-text-editor\" data-id=\"42ce7fc\" data-element_type=\"widget\" data-widget_type=\"text-editor.default\">\n\t\t\t\t<div class=\"elementor-widget-container\">\n\t\t\t\t\t\t\t<p>Per qualsiasi richiesta di informazioni e necessit\u00e0 di assistenza contatta la segreteria organizzativa.<\/p>\t\t\t\t\t\t<\/div>\n\t\t\t\t<\/div>\n\t\t\t\t<div class=\"elementor-element elementor-element-75d080f aleft elementor-widget elementor-widget-wgl-contact-form-7\" data-id=\"75d080f\" data-element_type=\"widget\" data-widget_type=\"wgl-contact-form-7.default\">\n\t\t\t\t<div class=\"elementor-widget-container\">\n\t\t\t<div class=\"wgl-contact-form-7\">\n<div class=\"wpcf7 no-js\" id=\"wpcf7-f903-o1\" lang=\"en-US\" dir=\"ltr\">\n<div class=\"screen-reader-response\"><p role=\"status\" aria-live=\"polite\" aria-atomic=\"true\"><\/p> <ul><\/ul><\/div>\n<form action=\"\/napoli-creattiva\/wp-json\/wp\/v2\/pages\/850#wpcf7-f903-o1\" method=\"post\" class=\"wpcf7-form init\" aria-label=\"Contact form\" novalidate=\"novalidate\" data-status=\"init\">\n<div style=\"display: none;\">\n<input type=\"hidden\" name=\"_wpcf7\" value=\"903\" \/>\n<input type=\"hidden\" name=\"_wpcf7_version\" value=\"5.8.5\" \/>\n<input type=\"hidden\" name=\"_wpcf7_locale\" value=\"en_US\" \/>\n<input type=\"hidden\" name=\"_wpcf7_unit_tag\" value=\"wpcf7-f903-o1\" \/>\n<input type=\"hidden\" name=\"_wpcf7_container_post\" value=\"0\" \/>\n<input type=\"hidden\" name=\"_wpcf7_posted_data_hash\" value=\"\" \/>\n<input type=\"hidden\" name=\"_wpcf7_recaptcha_response\" value=\"\" \/>\n<\/div>\n<div class='row'>\n\t<div class='wgl_col-12'>\n\t\t<p><span class=\"wpcf7-form-control-wrap\" data-name=\"label-name\"><input size=\"40\" class=\"wpcf7-form-control wpcf7-text wpcf7-validates-as-required\" aria-required=\"true\" aria-invalid=\"false\" placeholder=\"Nome\" value=\"\" type=\"text\" name=\"label-name\" \/><\/span>\n\t\t<\/p>\n\t<\/div>\n\t<div class='wgl_col-12'>\n\t\t<p><span class=\"wpcf7-form-control-wrap\" data-name=\"email-723\"><input size=\"40\" class=\"wpcf7-form-control wpcf7-email wpcf7-text wpcf7-validates-as-email\" aria-invalid=\"false\" placeholder=\"Email\" value=\"\" type=\"email\" name=\"email-723\" \/><\/span>\n\t\t<\/p>\n\t<\/div>\n\t<div class='wgl_col-12'>\n\t\t<p><span class=\"wpcf7-form-control-wrap\" data-name=\"label-website\"><input size=\"40\" class=\"wpcf7-form-control wpcf7-text\" aria-invalid=\"false\" placeholder=\"Oggetto\" value=\"\" type=\"text\" name=\"label-website\" \/><\/span>\n\t\t<\/p>\n\t<\/div>\n\t<div class='wgl_col-12'>\n\t\t<p><span class=\"wpcf7-form-control-wrap\" data-name=\"label-textarea\"><textarea cols=\"40\" rows=\"10\" class=\"wpcf7-form-control wpcf7-textarea\" aria-invalid=\"false\" placeholder=\"Messaggio\" name=\"label-textarea\"><\/textarea><\/span>\n\t\t<\/p>\n\t<\/div>\n\t<div class='wgl_col-12'>\n\t\t<p><span class=\"wpcf7-form-control-wrap\" data-name=\"acceptance-190\"><span class=\"wpcf7-form-control wpcf7-acceptance optional\"><span class=\"wpcf7-list-item\"><label><input type=\"checkbox\" name=\"acceptance-190\" value=\"1\" aria-invalid=\"false\" \/><span class=\"wpcf7-list-item-label\">Il\/La sottoscritto\/a acquisite le informazioni di cui al GDPR Regolamento Europeo UE 2016\/679, conferisco il proprio consenso al trattamenti dei dati personali. <a href=\"\/privacy-policy\/\" target=\"blank\" style=\"font-weight:600; color:red;\">Maggiori dettagli<\/a><\/span><\/label><\/span><\/span><\/span>\n\t\t<\/p>\n\t\t<div class=\"wgl-button has-animated-bg\">\n\t\t\t<p><input class=\"wpcf7-form-control wpcf7-submit has-spinner\" type=\"submit\" value=\"Invia\" \/>\n\t\t\t<\/p>\n\t\t<\/div>\n\t<\/div>\n<\/div><p style=\"display: none !important;\"><label>&#916;<textarea name=\"_wpcf7_ak_hp_textarea\" cols=\"45\" rows=\"8\" maxlength=\"100\"><\/textarea><\/label><input type=\"hidden\" id=\"ak_js_1\" name=\"_wpcf7_ak_js\" value=\"89\"\/><script>document.getElementById( \"ak_js_1\" ).setAttribute( \"value\", ( new Date() ).getTime() );<\/script><\/p><div class=\"wpcf7-response-output\" aria-hidden=\"true\"><\/div>\n<\/form>\n<\/div>\n<\/div>\t\t<\/div>\n\t\t\t\t<\/div>\n\t\t\t\t\t<\/div>\n\t\t<\/div>\n\t\t\t\t\t\t\t<\/div>\n\t\t<\/section>\n\t\t\t\t\t<\/div>\n\t\t<\/div>\n\t\t\t\t<div class=\"elementor-column elementor-col-50 elementor-top-column elementor-element elementor-element-6f69c7e\" data-id=\"6f69c7e\" data-element_type=\"column\">\n\t\t\t<div class=\"elementor-widget-wrap elementor-element-populated\">\n\t\t\t\t\t\t\t\t<div class=\"elementor-element elementor-element-0b09161 elementor-widget elementor-widget-spacer\" data-id=\"0b09161\" data-element_type=\"widget\" data-widget_type=\"spacer.default\">\n\t\t\t\t<div class=\"elementor-widget-container\">\n\t\t\t\t\t<div class=\"elementor-spacer\">\n\t\t\t<div class=\"elementor-spacer-inner\"><\/div>\n\t\t<\/div>\n\t\t\t\t<\/div>\n\t\t\t\t<\/div>\n\t\t\t\t<div class=\"elementor-element elementor-element-abd4fb2 aleft elementor-widget elementor-widget-wgl-double-heading\" data-id=\"abd4fb2\" data-element_type=\"widget\" data-widget_type=\"wgl-double-heading.default\">\n\t\t\t\t<div class=\"elementor-widget-container\">\n\t\t\t<div class=\"wgl-double-heading\"><div class=\"dblh__subtitle\"><span>Fiera Creattiva<\/span><\/div><h5 class=\"dblh__title-wrapper\"><span class=\"dblh__title dblh__title-1\">SEGRETERIA ORGANIZZATIVA\n<\/span><\/h5><\/div>\t\t<\/div>\n\t\t\t\t<\/div>\n\t\t\t\t<div class=\"elementor-element elementor-element-503b547 elementor-widget elementor-widget-spacer\" data-id=\"503b547\" data-element_type=\"widget\" data-widget_type=\"spacer.default\">\n\t\t\t\t<div class=\"elementor-widget-container\">\n\t\t\t\t\t<div class=\"elementor-spacer\">\n\t\t\t<div class=\"elementor-spacer-inner\"><\/div>\n\t\t<\/div>\n\t\t\t\t<\/div>\n\t\t\t\t<\/div>\n\t\t\t\t<div class=\"elementor-element elementor-element-26c3888 elementor-widget elementor-widget-text-editor\" data-id=\"26c3888\" data-element_type=\"widget\" data-widget_type=\"text-editor.default\">\n\t\t\t\t<div class=\"elementor-widget-container\">\n\t\t\t\t\t\t\t<p><span style=\"color: #000000;\">Telefono: <a href=\"tel:0353230912\" style=\"color: #000000;\">035 3230912<\/a> \/ <a href=\"tel:0353230911\" style=\"color: #000000;\">035 3230911<\/a><\/span><br \/><span style=\"color: #000000;\">Cellulare: <a href=\"tel:+393493566255\" style=\"color: #000000;\">+39 39 349 356 6255<\/a><\/span><br \/><span style=\"color: #000000;\">Mail: <a href=\"mailto:creattiva@promoberg.it\" style=\"color: #000000;\">creattiva@promoberg.it<\/a><\/span><\/p>\t\t\t\t\t\t<\/div>\n\t\t\t\t<\/div>\n\t\t\t\t\t<\/div>\n\t\t<\/div>\n\t\t\t\t\t\t\t<\/div>\n\t\t<\/section>\n\t\t\t\t\t\t\t<\/div>\n\t\t","protected":false},"excerpt":{"rendered":"<p>ORGANIZZATORE Promoberg srl \u00e8 la societ\u00e0 che gestisce il Polo fieristico di Bergamo, \u00e8 l\u2019ideatore e organizzatore di tutte le edizioni di Fiera Creattiva, ma non solo. Scopri di pi\u00f9 sull\u2019azienda Via Lunga snc c\/o Fiera di Bergamo\u2028 &#8211; 24125 Bergamo \u2013 Italia C.F. e P.IVA 01542150162\u2028 035 3230911 &#8211; info@promoberg.it Contattaci Per qualsiasi richiesta [&hellip;]<\/p>\n","protected":false},"author":1,"featured_media":0,"parent":0,"menu_order":0,"comment_status":"closed","ping_status":"closed","template":"","meta":{"footnotes":""},"class_list":["post-850","page","type-page","status-publish","hentry"],"yoast_head":"<!-- This site is optimized with the Yoast SEO plugin v21.7 - https:\/\/yoast.com\/wordpress\/plugins\/seo\/ -->\n<title>Contatti - Fiera Creattiva Napoli<\/title>\n<meta name=\"description\" content=\"I visitatori troverrano tutti i contatti di Fiera Creattiva Napoli per avere informazioni e scoprire come partecipare ai corsi proposti.\" \/>\n<meta name=\"robots\" content=\"index, follow, max-snippet:-1, max-image-preview:large, max-video-preview:-1\" \/>\n<link rel=\"canonical\" href=\"https:\/\/www.fieracreattiva.it\/napoli-creattiva\/contatti\/\" \/>\n<meta property=\"og:locale\" content=\"it_IT\" \/>\n<meta property=\"og:type\" content=\"article\" \/>\n<meta property=\"og:title\" content=\"Contatti - Fiera Creattiva Napoli\" \/>\n<meta property=\"og:description\" content=\"I visitatori troverrano tutti i contatti di Fiera Creattiva Napoli per avere informazioni e scoprire come partecipare ai corsi proposti.\" \/>\n<meta property=\"og:url\" content=\"https:\/\/www.fieracreattiva.it\/napoli-creattiva\/contatti\/\" \/>\n<meta property=\"og:site_name\" content=\"Fiera Creattiva Napoli\" \/>\n<meta property=\"article:publisher\" content=\"https:\/\/www.facebook.com\/FieraCreattiva\/\" \/>\n<meta property=\"article:modified_time\" content=\"2026-01-16T09:06:05+00:00\" \/>\n<meta property=\"og:image\" content=\"http:\/\/www.fieracreattiva.it\/napoli-creattiva\/wp-content\/uploads\/2022\/08\/mostrab.jpg\" \/>\n<meta name=\"twitter:card\" content=\"summary_large_image\" \/>\n<meta name=\"twitter:label1\" content=\"Tempo di lettura stimato\" \/>\n\t<meta name=\"twitter:data1\" content=\"1 minuto\" \/>\n<script type=\"application\/ld+json\" class=\"yoast-schema-graph\">{\"@context\":\"https:\/\/schema.org\",\"@graph\":[{\"@type\":\"WebPage\",\"@id\":\"https:\/\/www.fieracreattiva.it\/napoli-creattiva\/contatti\/\",\"url\":\"https:\/\/www.fieracreattiva.it\/napoli-creattiva\/contatti\/\",\"name\":\"Contatti - Fiera Creattiva Napoli\",\"isPartOf\":{\"@id\":\"https:\/\/www.fieracreattiva.it\/napoli-creattiva\/#website\"},\"datePublished\":\"2022-03-17T10:04:43+00:00\",\"dateModified\":\"2026-01-16T09:06:05+00:00\",\"description\":\"I visitatori troverrano tutti i contatti di Fiera Creattiva Napoli per avere informazioni e scoprire come partecipare ai corsi proposti.\",\"breadcrumb\":{\"@id\":\"https:\/\/www.fieracreattiva.it\/napoli-creattiva\/contatti\/#breadcrumb\"},\"inLanguage\":\"it-IT\",\"potentialAction\":[{\"@type\":\"ReadAction\",\"target\":[\"https:\/\/www.fieracreattiva.it\/napoli-creattiva\/contatti\/\"]}]},{\"@type\":\"BreadcrumbList\",\"@id\":\"https:\/\/www.fieracreattiva.it\/napoli-creattiva\/contatti\/#breadcrumb\",\"itemListElement\":[{\"@type\":\"ListItem\",\"position\":1,\"name\":\"Home\",\"item\":\"https:\/\/www.fieracreattiva.it\/napoli-creattiva\/\"},{\"@type\":\"ListItem\",\"position\":2,\"name\":\"Contatti\"}]},{\"@type\":\"WebSite\",\"@id\":\"https:\/\/www.fieracreattiva.it\/napoli-creattiva\/#website\",\"url\":\"https:\/\/www.fieracreattiva.it\/napoli-creattiva\/\",\"name\":\"Fiera Creattiva Napoli\",\"description\":\"Fiera delle Arti Manuali\",\"publisher\":{\"@id\":\"https:\/\/www.fieracreattiva.it\/napoli-creattiva\/#organization\"},\"potentialAction\":[{\"@type\":\"SearchAction\",\"target\":{\"@type\":\"EntryPoint\",\"urlTemplate\":\"https:\/\/www.fieracreattiva.it\/napoli-creattiva\/?s={search_term_string}\"},\"query-input\":\"required name=search_term_string\"}],\"inLanguage\":\"it-IT\"},{\"@type\":\"Organization\",\"@id\":\"https:\/\/www.fieracreattiva.it\/napoli-creattiva\/#organization\",\"name\":\"Fiera Creattiva Napoli\",\"url\":\"https:\/\/www.fieracreattiva.it\/napoli-creattiva\/\",\"logo\":{\"@type\":\"ImageObject\",\"inLanguage\":\"it-IT\",\"@id\":\"https:\/\/www.fieracreattiva.it\/napoli-creattiva\/#\/schema\/logo\/image\/\",\"url\":\"https:\/\/www.fieracreattiva.it\/napoli-creattiva\/wp-content\/uploads\/2022\/09\/seonapili.jpg\",\"contentUrl\":\"https:\/\/www.fieracreattiva.it\/napoli-creattiva\/wp-content\/uploads\/2022\/09\/seonapili.jpg\",\"width\":1200,\"height\":900,\"caption\":\"Fiera Creattiva Napoli\"},\"image\":{\"@id\":\"https:\/\/www.fieracreattiva.it\/napoli-creattiva\/#\/schema\/logo\/image\/\"},\"sameAs\":[\"https:\/\/www.facebook.com\/FieraCreattiva\/\",\"https:\/\/www.instagram.com\/fieracreattiva\/\",\"https:\/\/www.youtube.com\/CreattivaChannel\"]}]}<\/script>\n<!-- \/ Yoast SEO plugin. -->","yoast_head_json":{"title":"Contatti - Fiera Creattiva Napoli","description":"I visitatori troverrano tutti i contatti di Fiera Creattiva Napoli per avere informazioni e scoprire come partecipare ai corsi proposti.","robots":{"index":"index","follow":"follow","max-snippet":"max-snippet:-1","max-image-preview":"max-image-preview:large","max-video-preview":"max-video-preview:-1"},"canonical":"https:\/\/www.fieracreattiva.it\/napoli-creattiva\/contatti\/","og_locale":"it_IT","og_type":"article","og_title":"Contatti - Fiera Creattiva Napoli","og_description":"I visitatori troverrano tutti i contatti di Fiera Creattiva Napoli per avere informazioni e scoprire come partecipare ai corsi proposti.","og_url":"https:\/\/www.fieracreattiva.it\/napoli-creattiva\/contatti\/","og_site_name":"Fiera Creattiva Napoli","article_publisher":"https:\/\/www.facebook.com\/FieraCreattiva\/","article_modified_time":"2026-01-16T09:06:05+00:00","og_image":[{"url":"http:\/\/www.fieracreattiva.it\/napoli-creattiva\/wp-content\/uploads\/2022\/08\/mostrab.jpg"}],"twitter_card":"summary_large_image","twitter_misc":{"Tempo di lettura stimato":"1 minuto"},"schema":{"@context":"https:\/\/schema.org","@graph":[{"@type":"WebPage","@id":"https:\/\/www.fieracreattiva.it\/napoli-creattiva\/contatti\/","url":"https:\/\/www.fieracreattiva.it\/napoli-creattiva\/contatti\/","name":"Contatti - Fiera Creattiva Napoli","isPartOf":{"@id":"https:\/\/www.fieracreattiva.it\/napoli-creattiva\/#website"},"datePublished":"2022-03-17T10:04:43+00:00","dateModified":"2026-01-16T09:06:05+00:00","description":"I visitatori troverrano tutti i contatti di Fiera Creattiva Napoli per avere informazioni e scoprire come partecipare ai corsi proposti.","breadcrumb":{"@id":"https:\/\/www.fieracreattiva.it\/napoli-creattiva\/contatti\/#breadcrumb"},"inLanguage":"it-IT","potentialAction":[{"@type":"ReadAction","target":["https:\/\/www.fieracreattiva.it\/napoli-creattiva\/contatti\/"]}]},{"@type":"BreadcrumbList","@id":"https:\/\/www.fieracreattiva.it\/napoli-creattiva\/contatti\/#breadcrumb","itemListElement":[{"@type":"ListItem","position":1,"name":"Home","item":"https:\/\/www.fieracreattiva.it\/napoli-creattiva\/"},{"@type":"ListItem","position":2,"name":"Contatti"}]},{"@type":"WebSite","@id":"https:\/\/www.fieracreattiva.it\/napoli-creattiva\/#website","url":"https:\/\/www.fieracreattiva.it\/napoli-creattiva\/","name":"Fiera Creattiva Napoli","description":"Fiera delle Arti Manuali","publisher":{"@id":"https:\/\/www.fieracreattiva.it\/napoli-creattiva\/#organization"},"potentialAction":[{"@type":"SearchAction","target":{"@type":"EntryPoint","urlTemplate":"https:\/\/www.fieracreattiva.it\/napoli-creattiva\/?s={search_term_string}"},"query-input":"required name=search_term_string"}],"inLanguage":"it-IT"},{"@type":"Organization","@id":"https:\/\/www.fieracreattiva.it\/napoli-creattiva\/#organization","name":"Fiera Creattiva Napoli","url":"https:\/\/www.fieracreattiva.it\/napoli-creattiva\/","logo":{"@type":"ImageObject","inLanguage":"it-IT","@id":"https:\/\/www.fieracreattiva.it\/napoli-creattiva\/#\/schema\/logo\/image\/","url":"https:\/\/www.fieracreattiva.it\/napoli-creattiva\/wp-content\/uploads\/2022\/09\/seonapili.jpg","contentUrl":"https:\/\/www.fieracreattiva.it\/napoli-creattiva\/wp-content\/uploads\/2022\/09\/seonapili.jpg","width":1200,"height":900,"caption":"Fiera Creattiva Napoli"},"image":{"@id":"https:\/\/www.fieracreattiva.it\/napoli-creattiva\/#\/schema\/logo\/image\/"},"sameAs":["https:\/\/www.facebook.com\/FieraCreattiva\/","https:\/\/www.instagram.com\/fieracreattiva\/","https:\/\/www.youtube.com\/CreattivaChannel"]}]}},"_links":{"self":[{"href":"https:\/\/www.fieracreattiva.it\/napoli-creattiva\/wp-json\/wp\/v2\/pages\/850","targetHints":{"allow":["GET"]}}],"collection":[{"href":"https:\/\/www.fieracreattiva.it\/napoli-creattiva\/wp-json\/wp\/v2\/pages"}],"about":[{"href":"https:\/\/www.fieracreattiva.it\/napoli-creattiva\/wp-json\/wp\/v2\/types\/page"}],"author":[{"embeddable":true,"href":"https:\/\/www.fieracreattiva.it\/napoli-creattiva\/wp-json\/wp\/v2\/users\/1"}],"replies":[{"embeddable":true,"href":"https:\/\/www.fieracreattiva.it\/napoli-creattiva\/wp-json\/wp\/v2\/comments?post=850"}],"version-history":[{"count":112,"href":"https:\/\/www.fieracreattiva.it\/napoli-creattiva\/wp-json\/wp\/v2\/pages\/850\/revisions"}],"predecessor-version":[{"id":6978,"href":"https:\/\/www.fieracreattiva.it\/napoli-creattiva\/wp-json\/wp\/v2\/pages\/850\/revisions\/6978"}],"wp:attachment":[{"href":"https:\/\/www.fieracreattiva.it\/napoli-creattiva\/wp-json\/wp\/v2\/media?parent=850"}],"curies":[{"name":"wp","href":"https:\/\/api.w.org\/{rel}","templated":true}]}}